 30854?
4
What is the hundreds digit of 58661?
6
What is the thousands digit of 1349?
1
What is the units digit of 1007?
7
What is the tens digit of 3665?
6
What is the tens digit of 48280?
8
What is the hundreds digit of 175205?
2
What is the tens digit of 2314?
1
What is the units digit of 198?
8
What is the thousands digit of 1368?
1
What is the units digit of 1196?
6
What is the units digit of 9642?
2
What is the hundreds digit of 6169?
1
What is the thousands digit of 81570?
1
What is the hundreds digit of 955?
9
What is the tens digit of 124019?
1
What is the hundreds digit of 29650?
6
What is the tens digit of 874?
7
What is the units digit of 1362?
2
What is the thousands digit of 6565?
6
What is the units digit of 83518?
8
What is the hundreds digit of 58178?
1
What is the thousands digit of 114272?
4
What is the units digit of 2024?
4
What is the thousands digit of 13824?
3
What is the ten thousands digit of 33819?
3
What is the thousands digit of 2074?
2
What is the hundreds digit of 17841?
8
What is the hundreds digit of 44549?
5
What is the thousands digit of 106277?
6
What is the tens digit of 30644?
4
What is the tens digit of 766?
6
What is the tens digit of 1629?
2
What is the hundreds digit of 7282?
2
What is the hundreds digit of 999?
9
What is the thousands digit of 28332?
8
What is the thousands digit of 81396?
1
What is the hundreds digit of 7337?
3
What is the hundreds digit of 19841?
8
What is the units digit of 253?
3
What is the hundreds digit of 21042?
0
What is the hundreds digit of 1349?
3
What is the tens digit of 523?
2
What is the units digit of 1775?
5
What is the tens digit of 188?
8
What is the units digit of 3474?
4
What is the tens digit of 142?
4
What is the thousands digit of 23046?
3
What is the tens digit of 4055?
5
What is the thousands digit of 12593?
2
What is the tens digit of 41418?
1
What is the tens digit of 2676?
7
What is the hundreds digit of 4008?
0
What is the thousands digit of 2244?
2
What is the units digit of 5630?
0
What is the units digit of 2289?
9
What is the hundreds digit of 410?
4
What is the units digit of 936?
6
What is the units digit of 4561?
1
What is the tens digit of 63786?
8
What is the hundred thousands digit of 130789?
1
What is the ten thousands digit of 26873?
2
What is the ten thousands digit of 47759?
4
What is the tens digit of 64208?
0
What is the tens digit of 26259?
5
What is the units digit of 311?
1
What is the tens digit of 21273?
7
What is the thousands digit of 2295?
2
What is the hundreds digit of 30372?
3
What is the units digit of 129?
9
What is the thousands digit of 14509?
4
What is the ten thousands digit of 29944?
2
What is the hundreds digit of 70799?
7
What is the thousands digit of 4982?
4
What is the hundreds digit of 17358?
3
What is the thousands digit of 8483?
8
What is the units digit of 150034?
4
What is the hundreds digit of 1454?
4
What is the thousands digit of 2043?
2
What is the thousands digit of 16575?
6
What is the tens digit of 911?
1
What is the units digit of 182?
2
What is the units digit of 27?
7
What is the units digit of 7296?
6
What is the thousands digit of 2935?
2
What is the hundreds digit of 280?
2
What is the units digit of 86208?
8
What is the tens digit of 93862?
6
What is the units digit of 10085?
5
What is the tens digit of 19016?
1
What is the hundreds digit of 2139?
1
What is the hundreds digit of 3298?
2
What is the units digit of 7816?
6
What is the units digit of 1279?
9
What is the units digit of 3343?
3
What is the ten thousands digit of 26148?
2
What is the ten thousands digit of 146344?
4
What is the units digit of 324?
4
What is the hundreds digit of 7544?
5
What is the tens digit of 765?
6
What is the thousands digit of 61864?
1
What is the ten thousands digit of 45756?
4
What is the tens digit of 544?
4
What is the tens digit of 713?
1
What is the ten thousands digit of 49140?
4
What is the tens digit of 13379?
7
What is the ten thousands digit of 32075?
3
What is the thousands digit of 1126?
1
What is the hundreds digit of 57978?
9
What is the units digit of 7333?
3
What is the units digit of 116580?
0
What is the ten thousands digit of 32798?
3
What is the tens digit of 157?
5
What is the tens digit of 6146?
4
What is the hundreds digit of 82897?
8
What is the units digit of 57822?
2
What is the hundreds digit of 986?
9
What is the tens digit of 253?
5
What is the units digit of 643?
3
What is the hundreds digit of 294?
2
What is the units digit of 91638?
8
What is the units digit of 1561?
1
What is the hundred thousands digit of 184101?
1
What is the tens digit of 463?
6
What is the units digit of 56023?
3
What is the thousands digit of 4794?
4
What is the hundreds digit of 907?
9
What is the hundreds digit of 4541?
5
What is the tens digit of 2936?
3
What is the thousands digit of 1961?
1
What is the units digit of 21322?
2
What is the hundreds digit of 474?
4
What is the thousands digit of 57193?
7
What is the hundreds digit of 1959?
9
What is the thousands digit of 11700?
1
What is the hundreds digit of 3771?
7
What is the thousands digit of 35631?
5
What is the hundreds digit of 4786?
7
What is the ten thousands digit of 72986?
7
What is the tens digit of 710?
1
What is the units digit of 9430?
0
What is the thousands digit of 1149?
1
What is the tens digit of 1281?
8
What is the tens digit of 13883?
8
What is the units digit of 4355?
5
What is the thousands digit of 67844?
7
What is the thousands digit of 2824?
2
What is the units digit of 1694?
4
What is the thousands digit of 2125?
2
What is the hundreds digit of 254?
2
What is the hundreds digit of 122176?
1
What is the units digit of 3726?
6
What is the units digit of 4061?
1
What is the units digit of 577?
7
What is the hundreds digit of 13185?
1
What is the hundreds digit of 2175?
1
What is the units digit of 7229?
9
What is the hundreds digit of 350?
3
What is the hundreds digit of 631?
6
What is the units digit of 14462?
2
What is the units digit of 877?
7
What is the units digit of 1282?
2
What is the units digit of 2536?
6
What is the tens digit of 349?
4
What is the tens digit of 1443?
4
What is the units digit of 7855?
5
What is the hundreds digit of 7340?
3
What is the tens digit of 2678?
7
What is the tens digit of 3611?
1
What is the tens digit of 24508?
0
What is the thousands digit of 3548?
3
What is the thousands digit of 5244?
5
What is the tens digit of 26246?
4
What is the tens digit of 11638?
3
What is the units digit of 2894?
4
What is the units digit of 58408?
8
What is the units digit of 6143?
3
What is the hundreds digit of 279?
2
What is the units digit of 3358?
8
What is the ten thousands digit of 24209?
2
What is the hundreds digit of 148?
1
What is the hundreds digit of 715?
7
What is the tens digit of 44522?
2
What is the units digit of 1781?
1
What is the ten thousands digit of 134076?
3
What is the units digit of 1086?
6
What is the tens digit of 3266?
6
What is the thousands digit of 131068?
1
What is the thousands digit of 2676?
2
What is the tens digit of 1866?
6
What is the ten thousands digit of 36415?
3
What is the hundreds digit of 189?
1
What is the units digit of 68422?
2
What is the tens digit of 614?
1
What is the tens digit of 1642?
4
What is the units digit of 27755?
5
What is the tens digit of 2498?
9
What is the thousands digit of 2556?
2
What is the thousands digit of 1211?
1
What is the hundreds digit of 4601?
6
What is the hundreds digit of 9367?
3
What is the hundreds digit of 414?
4
What is the units digit of 775?
5
What is the hundreds digit of 86954?
9
What is the thousands digit of 63418?
3
What is the tens digit of 17039?
3
What is the units digit of 19996?
6
What is the tens digit of 36819?
1
What is the units digit of 352?
2
What is the tens digit of 880?
8
What is the units digit of 517?
7
What is the units digit of 2015?
5
What is the hundreds digit of 568?
5
What is the hundreds digit of 15411?
4
What is the thousands digit of 1308?
1
What is the thousands digit of 2206?
2
What is the units digit of 1076?
6
What is the units digit of 1203?
3
What is the tens digit of 133576?
7
What is the hundreds digit of 19394?
3
What is the thousands digit of 145318?
5
What is the thousands digit